. What is the highest common factor of 3 and a?
3
Let m(t) = -10*t - t**2 - 1 + 11 + 6 - 4. Let g be m(-11). Let y(l) = 42*l**3 + l - 1. Let n be y(g). What is the greatest common divisor of n and 6?
6
Let g = 5 - -5. What is the greatest common factor of 10 and g?
10
Let c = -7 + 14. Suppose 4*s - 29 = 2*t - 11, 0 = s - t - 2. Let n(z) = z**3 - 7*z**2 + 3*z. Let q be n(s). Calculate the highest common factor of c and q.
7
Let l = 21 + -12. Let a(m) = m + 3. Let d be a(-3). Let j be 3 + d - (-1 + 3). What is the greatest common divisor of j and l?
1
Let w(n) = n**2 - 3*n - 2. Let s be w(0). Let z be 142/3 - s/3. What is the greatest common factor of z and 6?
6
Let r be (4 + -6)/(4/6). Suppose -2 = y - 21. Let s = y - r. What is the greatest common factor of s and 198?
22
Let j be ((-12)/9)/(1/72). Let h be (j/(-9))/(4/42). What is the highest common divisor of 14 and h?
14
Let g(u) = 5*u - 5. Let p be g(2). Calculate the highest common factor of 40 and p.
5
Let n be 21/(130/(-68) - -2). What is the greatest common factor of 34 and n?
34
Let s(w) = w**2 - 5*w + 9. Let b be s(6). What is the greatest common factor of b and 3?
3
Let y = -63 + 67. Calculate the greatest common divisor of 8 and y.
4
Let s = 6 - -1. Let c = s + -4. Calculate the highest common factor of 12 and c.
3
Suppose 0 = 2*a - d - 88, -13 = 5*d + 7. What is the highest common divisor of a and 6?
6
Let s = 3 - -53. Calculate the highest common factor of s and 84.
28
Suppose -14*o + o + 676 = 0. Calculate the highest common factor of 416 and o.
52
Suppose c + 0*c = 4. Suppose -9*z + 14*z = 0. Let i = 4 - z. Calculate the greatest common divisor of c and i.
4
Suppose 30*q - 24 = 26*q. Calculate the greatest common divisor of 8 and q.
2
Suppose 0 = 2*c - 49 - 131. Let n be 6/(-15) - 594/(-10). Let u = 95 - n. Calculate the highest common divisor of c and u.
18
Let s be 2/(-9) + 87/27 + 74. What is the highest common divisor of s and 11?
11
Let q be (-327)/15 - (-12)/15. Let j = -10 - q. What is the highest common divisor of 11 and j?
11
Suppose -22*x = -20*x - 12. What is the highest common divisor of x and 66?
6
Let f(i) = i**2 - 15*i + 15. Let t be f(12). Let o = 32 + t. Calculate the greatest common divisor of 66 and o.
11
Let v = -1 - -37. What is the greatest common divisor of 180 and v?
36
Let n be (-29 - -5)*(0 + -1). What is the highest common factor of n and 24?
24
Let f = 23 - 16. Suppose -4*a + f*a - 10 = g, 0 = -5*a - 5*g + 30. Suppose a*w - 47 = -3. Calculate the greatest common factor of 77 and w.
11
Let d(l) = -l + 36. Let a be d(-6). Let s be (-206)/(-10) + (-6)/(-15). Calculate the highest common divisor of s and a.
21
Suppose -d - 9 = -4*d. Suppose -3*z + 180 = 2*l - z, -d*z = -3*l + 300. Calculate the highest common divisor of l and 38.
19
Let o(h) = h**2 - 8*h + 10. Let u be o(7). Suppose -2*k + u*k = 3. Suppose 15 = -5*y + 6*y. What is the greatest common divisor of y and k?
3
Let c = 5 + -7. Let h be (-2 + (0 - c))/1. Let n be h - -1 - (-76)/4. What is the highest common factor of n and 30?
10
Let x(b) = 14*b**3 - b**2 - b + 1. Let c be x(1). Let y(j) = j**2 - 5*j + 3. Let v be y(3). Let q = c - v. What is the highest common factor of q and 40?
8
Suppose -5*y + 3*o = -2*y - 123, -y + 38 = -4*o. Let h = 84 + -56. Calculate the greatest common factor of h and y.
14
Suppose -6*g - 99 + 1443 = 0. What is the greatest common factor of 14 and g?
14
Let n be ((-15)/(-10))/((-3)/(-44)). What is the greatest common divisor of n and 22?
22
Let k = -42 + -123. Let c = k + 298. Let s be (-10 - -13)*19/3. Calculate the greatest common divisor of s and c.
19
Let k be 77 + 1 - -3 - -4. What is the greatest common divisor of k and 34?
17
Let x = -38 - -62. Suppose 5*z = z + x. Let v be 12/(-5)*(-80)/z. What is the greatest common divisor of 4 and v?
4
Let b = -1 + 13. What is the highest common factor of b and 18?
6
Let a(m) = -m - 2. Let c be a(0). Let h = c + 9. Let q(s) = s**3 + s**2 + 7. Let n be q(0). What is the greatest common divisor of h and n?
7
Suppose -2*g + 17 = -15. Calculate the greatest common factor of 40 and g.
8
Suppose 0 = -4*o + 178 + 42. Let i = o - 102. Let b be -2 - -2 - 2 - i. Calculate the greatest common factor of 30 and b.
15
Let q = 11 - -3. What is the highest common divisor of 126 and q?
14
Let g = 14 + -4. Suppose -44 = -2*o - 4*v, 5*v + 12 + g = 3*o. What is the greatest common factor of o and 7?
7
Suppose 5*h + 40 = 4*t, -3 = -5*t + h + 26. Suppose -s + 5 = 2. Suppose q + 40 = s*c, c - 9 = q - t*q. What is the greatest common factor of 117 and c?
13
Suppose -2*p - 4*n = -70, -p + 3*n - 147 = -6*p. Calculate the greatest common divisor of p and 18.
9
Let w be -4 - (-2 - (2 - 4)). Let x(g) = 2*g**2 + 5*g - 1. Let d be x(w). Calculate the highest common factor of d and 121.
11
Let o be 0 - (-2 + -24 + 1). Suppose 4*n = 4*g - 44, 4*n = -g - n + 5. What is the greatest common factor of o and g?
5
Suppose -3*r - 64 = -7*r. What is the greatest common divisor of r and 112?
16
Let g(w) = -w - 1. Let k(x) = -10*x - 3. Let d be (-20)/(-3) + (-10)/15. Let i(a) = d*g(a) - k(a). Let f be i(6). What is the highest common factor of 3 and f?
3
Suppose -2 - 2 = -x. Suppose 0*b + 20 = 4*b. Suppose -2*i + 0*i - 4*y + 52 = 0, 0 = b*i + 2*y - 138. What is the highest common divisor of i and x?
4
Suppose 3*q - 2 - 10 = 0. Calculate the highest common factor of q and 8.
4
Suppose z = -g + 66, -4*z - 5*g - 72 = -337. Suppose -11 = 5*q - 76. What is the highest common factor of q and z?
13
Let q(p) = -2*p**3 + 2*p. Let h be q(2). Let c be 142/8 + (-3)/h. Suppose -4*s + b = -653, 4*s = -b - 3*b + 628. What is the greatest common divisor of s and c?
18
Let s(q) = -q**2 - 9*q + 4. Let d be s(-10). Let h(z) = z + 2. Let u be h(7). Let j = u + d. What is the greatest common divisor of 1 and j?
1
Suppose -4*n + 100 = -n + 4*p, 0 = -4*n + 3*p + 100. What is the highest common divisor of n and 16?
4
Let d(r) = -2*r**3 + 2*r**2 - 2. Let o be d(-2). Let x be 5/10 - (-131)/2. What is the greatest common divisor of x and o?
22
Suppose 5*r + 4*o - 19 = 0, 0*r - 4*r = -2*o - 10. Suppose -r*h - 119 = -7*j + 2*j, -3*j - 2*h = -79. Calculate the highest common divisor of j and 5.
5
Let t = -410 - -425. Let v(w) = 5*w**2 + w. Let a be v(1). Calculate the greatest common divisor of t and a.
3
Let i(j) = 0*j - 2*j + 3*j - j**2 + 107. Let n be i(0). Let d = 163 - n. Calculate the highest common factor of 14 and d.
14
Let a(q) = 3*q + 3. Let x be ((-5 + 2)/(-1))/1. Let u be a(x). What is the highest common divisor of 24 and u?
12
Suppose 68 = 4*z - 0*z. Let m = 75 - 9. Let k = m + -32. What is the highest common divisor of z and k?
17
Let o be 94/14 - 2/(-7). Suppose 0 = w - 3, 2*w + 134 = -3*v + 8*v. Calculate the greatest common divisor of v and o.
7
Let i = 113 - -35. What is the greatest common divisor of 37 and i?
37
Let x = 8 - 2. What is the highest common factor of 6 and x?
6
Suppose 2*p - 7*p = 0. Suppose -r - 4 = p, -348 = -2*k - 2*k - 2*r. Let n = k - 12. Calculate the highest common factor of 7 and n.
7
Let w(u) = 12*u**2. Let p(q) = -q + 11. Let b be p(13). Let m be w(b). What is the highest common divisor of m and 16?
16
Let w(p) = p + 9. Let a be w(15). What is the highest common divisor of 264 and a?
24
Suppose -8*r + 26 + 14 = 0. What is the greatest common factor of 2 and r?
1
Suppose -7*w = -3*w + 4*q - 32, -64 = -5*w + q. Let k(x) = -13*x - 2. Let o be k(-6). Let c be o/18 + 2/(-9). What is the greatest common factor of c and w?
4
Let p be (8 - -1 - -3) + 0. Let g be (1 + -58)*4/p. Let l be (g + -2)/(-3)*19. Calculate the greatest common factor of 19 and l.
19
Let q be (-1 + -1)*(-15)/6. Calculate the highest common divisor of 5 and q.
5
Let b = -13 + 28. Suppose -i = -0*i - b. Calculate the greatest common divisor of i and 105.
15
Let o be -1 + (26 - 0 - 1). Let h(u) = -u**2 + 4*u - 4. Let s be h(3). Let g be (-8)/(-2) + s + 0. Calculate the greatest common factor of o and g.
3
Suppose 0 = -11*d + 3*d + 1120. Calculate the highest common factor of d and 14.
14
Suppose 2*k + 6 = -a + 3*a, 0 = -5*a - 4*k + 42. Let p be (-2)/(a/(-4) + 1). Suppose 0 = -q - 4*q + 40. What is the highest common factor of q and p?
4
Let n = 233 - 156. Calculate the greatest common divi